 a composite number?
False
Is 10139018497 composite?
False
Is 7882550581 a prime number?
False
Is 3108986143 prime?
False
Is 89154550267 a prime number?
True
Is 3804462007 a prime number?
True
Is 60866957 a composite number?
False
Is 14312015203 a composite number?
False
Is 23876474081 composite?
False
Is 425283953269 composite?
True
Is 204356721 a composite number?
True
Is 31434775253 a prime number?
False
Is 988803631 composite?
True
Is 6328961099 a composite number?
True
Is 22794561743 composite?
True
Is 2112378019 prime?
True
Is 4605284413 a prime number?
True
Is 720381587 composite?
True
Is 60628848899 a composite number?
True
Is 769648483 prime?
True
Is 43073835509 prime?
True
Is 143201237 a prime number?
True
Is 133148777 prime?
False
Is 947107633 prime?
True
Is 5695751531 prime?
False
Is 113296063 a prime number?
True
Is 1063321043 a composite number?
False
Is 191133381679 prime?
True
Is 1251035881 prime?
True
Is 226018181 prime?
False
Is 47899916167 composite?
False
Is 15104744033 a composite number?
False
Is 2590772909 a composite number?
False
Is 2742968339 prime?
False
Is 85659367901 composite?
True
Is 309926321 prime?
False
Is 1198187137 a prime number?
False
Is 38454151133 prime?
True
Is 1414234799 a composite number?
False
Is 1503137301 a prime number?
False
Is 42255381191 a composite number?
False
Is 34872851581 composite?
True
Is 290201507 prime?
True
Is 1131297401 composite?
True
Is 4370138173 prime?
True
Is 3282448109 composite?
False
Is 266287561 prime?
True
Is 14296329679 a composite number?
False
Is 3397419139 a prime number?
True
Is 5398865569 a composite number?
True
Is 652187477 a composite number?
False
Is 6468361099 prime?
True
Is 25261749173 prime?
True
Is 250655361179 a prime number?
True
Is 2637726269 a composite number?
False
Is 1993409863 prime?
True
Is 4105845971 a prime number?
True
Is 734402443 a composite number?
True
Is 28098731717 prime?
False
Is 1074612919 composite?
False
Is 4604897679 a composite number?
True
Is 126041567 prime?
False
Is 27179864461 a composite number?
True
Is 5826225323 a prime number?
True
Is 1898873149 a prime number?
True
Is 1841657627 composite?
True
Is 13681251719 a composite number?
False
Is 1631084821 a prime number?
True
Is 85453845307 composite?
True
Is 5558113373 a composite number?
True
Is 174342781 composite?
False
Is 20030154591 a prime number?
False
Is 16681650379 a composite number?
False
Is 1197524423 a prime number?
False
Is 13380182845 a composite number?
True
Is 1775564429 a composite number?
False
Is 1250505877 composite?
False
Is 15738511 prime?
True
Is 2255611943 a prime number?
False
Is 212647511 a composite number?
False
Is 437154887 a prime number?
False
Is 45375837187 a prime number?
True
Is 36108641 a composite number?
True
Is 2935329277 composite?
True
Is 166707829 prime?
False
Is 2706378047 a prime number?
True
Is 179553349333 composite?
False
Is 2234079689 a composite number?
True
Is 1191858631 prime?
True
Is 8269448929 composite?
True
Is 34144769 a composite number?
True
Is 70592779 a composite number?
True
Is 3285121003 a prime number?
False
Is 1108297529 prime?
True
Is 369075815 composite?
True
Is 1507008929 prime?
True
Is 127499807923 composite?
False
Is 4130558855 composite?
True
Is 13542639863 a composite number?
False
Is 48834250739 a composite number?
True
Is 2249456173 a composite number?
True
Is 2123178751 a composite number?
True
Is 36635083 prime?
False
Is 26171047499 prime?
True
Is 230328877 a composite number?
True
Is 1298787649 a prime number?
False
Is 29077109011 composite?
False
Is 286999481 a prime number?
True
Is 12393905009 a prime number?
False
Is 7361068241 a prime number?
False
Is 1091651581 a prime number?
True
Is 1848042967 prime?
True
Is 795134909 a prime number?
False
Is 52184444513 composite?
False
Is 26059700809 a prime number?
False
Is 12805900331 prime?
False
Is 15381543673 a composite number?
False
Is 59533012087 a composite number?
True
Is 1114272707 composite?
False
Is 3409669687 a prime number?
False
Is 3465512935 prime?
False
Is 20743257643 composite?
True
Is 17286355369 composite?
True
Is 7268419211 a prime number?
True
Is 184841849 a composite number?
False
Is 723068363 a composite number?
True
Is 10025812085 a composite number?
True
Is 19741448903 a composite number?
True
Is 501173269 composite?
False
Is 20452275851 prime?
False
Is 7907805311 composite?
True
Is 35902558903 composite?
False
Is 4033166477 a composite number?
False
Is 59341962023 a prime number?
False
Is 231314297761 composite?
False
Is 397432033 a composite number?
False
Is 306544109 a prime number?
True
Is 1130219393 a prime number?
False
Is 40009640543 a composite number?
True
Is 951859729 a prime number?
True
Is 227903573 composite?
True
Is 4456582357 a prime number?
True
Is 3446666621 a composite number?
False
Is 583307411 a prime number?
False
Is 9698353703 a prime number?
False
Is 37660753163 prime?
False
Is 851846573 a composite number?
False
Is 473214767 composite?
False
Is 95015486051 a prime number?
False
Is 1579049123 a prime number?
True
Is 9317432203 a composite number?
True
Is 505725523 a composite number?
True
Is 155130232301 composite?
True
Is 751192363 composite?
False
Is 1553141617 prime?
True
Is 263716093 a composite number?
False
Is 14201538919 a prime number?
True
Is 54306281339 composite?
True
Is 11698518079 prime?
True
Is 41750117923 a prime number?
False
Is 73570719017 a prime number?
False
Is 18021425447 composite?
False
Is 1479698197 a prime number?
True
Is 7798731023 a composite number?
False
Is 9403971727 composite?
True
Is 1702896967 composite?
True
Is 293276278987 prime?
True
Is 2250219373 a composite number?
False
Is 579904835 composite?
True
Is 18591151 composite?
False
Is 1058361791 prime?
False
Is 4830161351 prime?
False
Is 2355267961 composite?
True
Is 176996418923 a prime number?
False
Is 17983601029 a prime number?
True
Is 7769876341 a composite number?
False
Is 476561117 prime?
True
Is 4122667147 a composite number?
False
Is 2015124161 composite?
False
Is 31261686842 prime?
False
Is 285299954617 a composite number?
False
Is 5313514109 prime?
False
Is 100585739 a prime number?
False
Is 3802743067 composite?
False
Is 1471513937 a composite number?
False
Is 68517818111 a composite number?
False
Is 28507295153 prime?
False
Is 519569417 composite?
False
Is 1832036389 a prime number?
False
Is 35002280093 prime?
False
Is 2317960349 a prime number?
False
Is 31998212737 a composite number?
True
Is 1960033837 composite?
False
Is 5370321923 a composite number?
False
Is 1613863711 composite?
True
Is 10906144207 a prime number?
False
Is 1877528767 a prime number?
True
Is 394987457 a composite number?
False
Is 56437571 composite?
True
Is 1182952607 prime?
True
Is 8074506901 composite?
False
Is 2904443833 composite?
True
Is 17503662107 composite?
False
Is 42542973883 prime?
False
Is 619404739 composite?
True
Is 637731463 composite?
False
Is 144179015987 a composite number?
True
Is 4859452969 composite?
True
Is 586781677 prime?
True
Is 74409169 a composite number?
True
Is 9794984539 a composite number?
True
Is 2703918911 composite?
False
Is 86343561427 a prime number?
True
Is 1974397753 a composite number?
True
Is 71013092651 prime?
False
Is 4887605797 a prime number?
True
Is 441044351 a prime number?
False
Is 5802020957 prime?
False
Is 21313495993 composite?
True
Is 2992856215 composite?
True
Is 9142969057 prime?
False
Is 34263682163 prime?
True
Is 43215645391 prime?
True
Is 19510661057 prime?
True
Is 76237953937 a prime number?
True
Is 487439581 prime?
False
Is 24648255781 prime?
True
Is 963370537 composite?
False
Is 35760953 a composite number?
False
Is 219833299 a composite number?
True
Is 61785438227 prime?
True
Is 385241899 a prime number?
False
Is 29128033553 composite?
True
Is 435516253 prime?
True
Is 3188375623 a prime number?
False
Is 143342253107 prime?
True
Is 527561579 a prime number?
False
Is 13416789457 prime?
True
Is 2660096563 prime?
True
Is 11891909 composite?
True
Is 35799689 prime?
True
Is 2585086733 composite?
True
Is 7354066949 a composite number?
False
Is 28403338261 a prime number?
False
Is 4031999911 prime?
False
Is 517283771 prime?
False
Is 503633569 a prime number?
True
Is 228855427 a prime number?
T